 9.
-546382
-152a751 (base 11) to base 3
-11221010101120
Convert -6393e (base 16) to base 12.
-178052
Convert 244301043 (base 5) to base 11.
726954
Convert -92950 (base 16) to base 7.
-5050303
What is 1002322332 (base 4) in base 10?
274110
Convert -150e50 (base 16) to base 12.
-566694
What is -405224 (base 8) in base 9?
-223454
Convert 1242221210 (base 5) to base 11.
1818458
Convert -2601564 (base 9) to base 2.
-101011010010010000000
What is -87710 (base 13) in base 14?
-65447
-244763 (base 9) to base 10
-147882
Convert 132030213 (base 4) to base 8.
361447
What is 1125203 (base 7) in base 12?
69782
-44643312 (base 8) to base 15
-ca9c5e
Convert 1221233312 (base 4) to base 13.
1221c8
Convert -2103022201 (base 5) to base 16.
-424dd5
Convert -6724ba (base 12) to base 4.
-12100331032
1534200 (base 6) to base 16
160f8
Convert 17da5 (base 15) to base 4.
102320102
Convert 1100110010100100110000 (base 2) to base 7.
40333106
Convert 8980986 (base 11) to base 2.
111100000010110101100010
What is 20655 (base 10) in base 3?
1001100000
1110100001011110100101 (base 2) to base 6
213333353
Convert -241458 (base 15) to base 4.
-12211102220
What is -516b6 (base 13) in base 4?
-203223311
Convert -1202101210202 (base 3) to base 14.
-1a4014
What is 213025 (base 10) in base 16?
34021
Convert -1041321000 (base 5) to base 14.
-4393c4
-20311012 (base 4) to base 6
-435234
What is 1011221 (base 9) in base 15?
a9a27
-10101504 (base 7) to base 16
-cd4ee
Convert -4322040 (base 6) to base 9.
-354156
What is 22020012212 (base 3) in base 14?
43072
What is 110012010001002 (base 3) in base 11?
3724a61
What is -10101101101000010110011 (base 2) in base 3?
-101201001120002
Convert 1011010110111110110 (base 2) to base 4.
1122313312
What is -102110121212 (base 3) in base 6?
-4500552
-1c534 (base 13) to base 14
-164a9
What is 102033220 (base 4) in base 9?
123451
Convert 1857702 (base 12) to base 7.
61202432
What is 10101001011100001001000 (base 2) in base 4?
111023201020
b0a4 (base 15) to base 16
919f
What is -b832 (base 13) in base 15?
-7890
What is -261763 (base 9) in base 15?
-320cc
What is -28908 (base 12) in base 3?
-2212122022
What is -94499b (base 12) in base 11?
-1352152
What is 10634513 (base 8) in base 4?
20303211023
Convert 20a65c (base 14) to base 9.
2062781
Convert -c1d721 (base 14) to base 11.
-375a688
Convert 61833 (base 11) to base 4.
112001011
-432127 (base 10) to base 7
-3446563
-2c847c (base 13) to base 10
-1103673
What is 14132318 (base 9) in base 16?
6aa57f
1a655 (base 12) to base 11
27295
Convert -521500 (base 8) to base 5.
-21012424
1c33c5 (base 16) to base 6
103340433
Convert -16275111 (base 8) to base 10.
-3766857
Convert 100110000000000 (base 2) to base 8.
46000
-297906 (base 10) to base 9
-503576
-1844093 (base 10) to base 2
-111000010001101111101
Convert -10110010010101001111111 (base 2) to base 14.
-ac182b
What is 22010112200 (base 3) in base 13?
57b04
Convert -95730a (base 13) to base 7.
-41516032
Convert -443020402 (base 6) to base 15.
-a79aae
Convert 76abb6 (base 14) to base 7.
46132516
What is 161408 (base 9) in base 14?
28376
-11110101101011010 (base 2) to base 3
-20101112202
Convert -10210001120 (base 3) to base 12.
-37080
213120000 (base 6) to base 13
a28b14
Convert -552441220 (base 6) to base 15.
-d117e0
What is 2cb064 (base 13) in base 15?
16db62
281a78 (base 16) to base 8
12015170
-1110110110110111100010 (base 2) to base 7
-45050653
-1452124 (base 8) to base 15
-82d89
What is 269d6 (base 16) in base 10?
158166
5550362 (base 7) to base 4
2213012330
What is 10001000101111010111 (base 2) in base 13?
167c18
What is -22102423 (base 9) in base 13?
-22a3766
Convert -11b750 (base 12) to base 13.
-a1ab4
What is 220514550 (base 6) in base 14?
7513c6
What is 14234321 (base 7) in base 2?
101000110010010101010
-ca1c3c (base 13) to base 15
-63b0a2
What is 10b6 (base 16) in base 6?
31450
Convert -83440b (base 13) to base 7.
-35025216
-112023002021 (base 4) to base 8
-26130211
What is 12378 (base 14) in base 7?
244011
6127872 (base 9) to base 3
20010221222102
What is 1117707 (base 11) in base 13?
536c51
cbd56 (base 14) to base 9
832326
What is -11000101001111000001010 (base 2) in base 5?
-3123303421
36319 (base 15) to base 8
521430
Convert 3651c (base 14) to base 7.
1061635
5387364 (base 9) to base 16
2c21d4
Convert -11130050 (base 6) to base 11.
-211183
What is 931051 (base 13) in base 16?
3454cf
Convert 2913313 (base 10) to base 13.
7b0070
What is bbb88 (base 13) in base 11?
212752
-44002 (base 16) to base 10
-278530
Convert -163e77 (base 15) to base 3.
-2000200200211
What is 37eb4 (base 15) in base 8?
535203
Convert -10202200010021 (base 3) to base 16.
-1e8929
What is -57056 (base 13) in base 6?
-3220355
12164354 (base 8) to base 2
1010001110100011101100
Convert -287a4d (base 15) to base 8.
-7340002
Convert 1517d (base 15) to base 10.
67843
What is -5d9de7 (base 15) in base 2?
-10001000111110101000101
What is -154510 (base 6) in base 10?
-15306
Convert -1023bb (base 13) to base 6.
-12022204
-100112210 (base 4) to base 10
-66980
Convert 223869 (base 14) to base 6.
40525205
Convert -203003101 (base 5) to base 10.
-828526
Convert 143234224 (base 5) to base 9.
1375647
-107474120 (base 8) to base 13
-3b74443
Convert -10b50 (base 12) to base 4.
-11131230
Convert -27352547 (base 8) to base 13.
-137405b
What is -4c84d (base 16) in base 4?
-1030201031
What is -1577a (base 11) in base 15?
-68c0
What is 58045 (base 16) in base 6?
11421021
Convert 11304011 (base 5) to base 12.
4bb7b
What is -1242233 (base 5) in base 11?
-17609
What is 83039 (base 10) in base 3?
11012220112
What is -109a041 (base 11) in base 15?
-27cd90
What is -14aa391 (base 12) in base 11?
-2413445
Convert -372e56 (base 15) to base 12.
-a75269
What is -4a694 (base 16) in base 8?
-1123224
Convert -344a706 (base 11) to base 12.
-202a626
Convert 110111110011101010 (base 2) to base 15.
47ae1
What is 4777155 (base 8) in base 6?
44030141
-116551 (base 9) to base 14
-1b951
Convert 4431432142 (base 5) to base 9.
20122126
Convert -3f1b6 (base 16) to base 10.
-258486
123013521 (base 6) to base 5
1102202333
What is -97ea47 (base 15) in base 5?
-3323111232
Convert 3020312 (base 5) to base 10.
48207
What is 1323327 (base 8) in base 7?
3101600
What is -72199 (base 10) in base 5?
-4302244
Convert -2498a00 (base 12) to base 15.
-969309
-10332413 (base 5) to base 6
-1531233
What is 396a32 (base 14) in base 6?
110215540
Convert -3262502 (base 7) to base 3.
-202102022012
Convert -a63c (base 16) to base 2.
-1010011000111100
1000001111111110010 (base 2) to base 9
451727
-100333411 (base 5) to base 4
-1202032310
-1111000011110100110001 (base 2) to base 3
-21102120101202
What is -15130053 (base 6) in base 7?
-4314234
What is 202340 (base 6) in base 10?
16116
What is 241034405 (base 6) in base 8?
21220545
-1102211210 (base 3) to base 4
-12322131
63b60c (base 14) to base 13
9116bc
What is 5244705 (base 9) in base 16?
2acd2b
What is 223535115 (base 7) in base 15?
12e1519
25757 (base 13) to base 9
115128
-200102221010 (base 3) to base 8
-1304757
Convert -2400002023 (base 5) to base 11.
-30a5a50
100111111000100000001 (base 2) to base 9
2411630
110111110000111101101 (base 2) to base 14
357d01
-12221525 (base 6) to base 7
-3221201
-110252251 (base 7) to base 9
-13432181
115256 (base 11) to base 16
2c97a
Convert -27742505 (base 8) to base 4.
-113330111011
-2be2a4 (base 16) to base 15
-3bc27d
What is -9b2d29 (base 16) in base 2?
-100110110010110100101001
110111110101100 (base 2) to base 5
1403323
Convert 301503 (base 6) to base 7.
126114
21d51 (base 14) to base 6
1432311
What is 167341 (base 8) in base 11?
41a44
Convert 2254382 (base 9) to base 16.
1291fa
Convert a8ca7 (base 13) to base 8.
1124307
-12114310 (base 9) to base 10
-5914629
dbb83b (base 16) to base 11
8145658
Convert -2070a (base 12) to base 14.
-116b0
What is 1000001101110011011 (base 2) in base 7?
2200605
What is -1022214 (base 7) in base 10?
-123246
634582 (base 9) to base 15
76c32
Convert -403013104 (base 5) to base 4.
-12021022210
What is -551273 (base 8) in base 13?
-662a3
What is -31131320 (base 5) in base 16?
-3e4ea
53455 (base 12) to base 10
109505
24a8b95 (base 12) to base 11
40710a5
-1851561 (base 9) to base 8
-3753003
-356450 (base 8) to base 10
-122152
Con